undred thousands digit of 126198?
1
What is the thousands digit of 1565?
1
What is the hundreds digit of 1984?
9
What is the hundreds digit of 25635?
6
What is the thousands digit of 31187?
1
What is the ten thousands digit of 16040?
1
What is the hundreds digit of 4145?
1
What is the thousands digit of 4323?
4
What is the units digit of 430?
0
What is the tens digit of 643?
4
What is the tens digit of 98?
9
What is the thousands digit of 13718?
3
What is the units digit of 4763?
3
What is the tens digit of 715?
1
What is the units digit of 554?
4
What is the hundreds digit of 507?
5
What is the thousands digit of 7520?
7
What is the hundreds digit of 20945?
9
What is the hundreds digit of 77855?
8
What is the tens digit of 8949?
4
What is the tens digit of 3933?
3
What is the ten thousands digit of 29780?
2
What is the units digit of 10445?
5
What is the thousands digit of 54237?
4
What is the units digit of 3104?
4
What is the units digit of 3476?
6
What is the thousands digit of 13412?
3
What is the tens digit of 77026?
2
What is the tens digit of 16906?
0
What is the thousands digit of 12385?
2
What is the hundred thousands digit of 109408?
1
What is the thousands digit of 1490?
1
What is the hundreds digit of 15035?
0
What is the units digit of 37073?
3
What is the tens digit of 963?
6
What is the hundreds digit of 45204?
2
What is the units digit of 735?
5
What is the hundreds digit of 76389?
3
What is the hundreds digit of 2191?
1
What is the hundreds digit of 250?
2
What is the hundreds digit of 419?
4
What is the tens digit of 7345?
4
What is the ten thousands digit of 16856?
1
What is the units digit of 3407?
7
What is the units digit of 9387?
7
What is the thousands digit of 74525?
4
What is the tens digit of 12962?
6
What is the hundreds digit of 24835?
8
What is the hundreds digit of 13518?
5
What is the units digit of 20869?
9
What is the tens digit of 338?
3
What is the tens digit of 2195?
9
What is the hundreds digit of 7981?
9
What is the ten thousands digit of 29328?
2
What is the ten thousands digit of 14140?
1
What is the hundreds digit of 10887?
8
What is the hundreds digit of 838?
8
What is the hundreds digit of 1132?
1
What is the tens digit of 18643?
4
What is the hundreds digit of 5435?
4
What is the tens digit of 426?
2
What is the units digit of 2869?
9
What is the hundreds digit of 4655?
6
What is the thousands digit of 9099?
9
What is the hundreds digit of 2990?
9
What is the tens digit of 204?
0
What is the units digit of 4627?
7
What is the units digit of 102279?
9
What is the units digit of 1961?
1
What is the hundreds digit of 878?
8
What is the thousands digit of 10315?
0
What is the thousands digit of 19030?
9
What is the units digit of 154007?
7
What is the tens digit of 241?
4
What is the tens digit of 32259?
5
What is the hundred thousands digit of 114164?
1
What is the hundreds digit of 458?
4
What is the thousands digit of 62255?
2
What is the hundreds digit of 34866?
8
What is the thousands digit of 4066?
4
What is the hundreds digit of 8998?
9
What is the units digit of 34932?
2
What is the thousands digit of 1344?
1
What is the tens digit of 4158?
5
What is the hundreds digit of 861?
8
What is the units digit of 2643?
3
What is the units digit of 2947?
7
What is the hundreds digit of 13552?
5
What is the hundreds digit of 1830?
8
What is the tens digit of 3721?
2
What is the thousands digit of 43409?
3
What is the ten thousands digit of 49557?
4
What is the hundreds digit of 2515?
5
What is the tens digit of 4960?
6
What is the units digit of 87822?
2
What is the hundreds digit of 174869?
8
What is the hundred thousands digit of 129359?
1
What is the thousands digit of 1516?
1
What is the tens digit of 43139?
3
What is the units digit of 1614?
4
What is the units digit of 406?
6
What is the units digit of 1635?
5
What is the ten thousands digit of 11153?
1
What is the tens digit of 72125?
2
What is the units digit of 38947?
7
What is the hundreds digit of 521?
5
What is the tens digit of 826?
2
What is the units digit of 11781?
1
What is the thousands digit of 10099?
0
What is the hundreds digit of 7101?
1
What is the units digit of 477?
7
What is the hundreds digit of 9136?
1
What is the tens digit of 1012?
1
What is the hundreds digit of 627?
6
What is the tens digit of 1629?
2
What is the thousands digit of 25147?
5
What is the ten thousands digit of 12149?
1
What is the hundreds digit of 68794?
7
What is the hundreds digit of 46628?
6
What is the tens digit of 2826?
2
What is the hundreds digit of 51625?
6
What is the units digit of 11526?
6
What is the hundreds digit of 910?
9
What is the ten thousands digit of 10496?
1
What is the units digit of 2131?
1
What is the thousands digit of 6511?
6
What is the thousands digit of 1301?
1
What is the thousands digit of 1833?
1
What is the thousands digit of 4117?
4
What is the tens digit of 242?
4
What is the units digit of 929?
9
What is the hundreds digit of 21936?
9
What is the thousands digit of 7580?
7
What is the units digit of 107596?
6
What is the tens digit of 7537?
3
What is the units digit of 13374?
4
What is the tens digit of 6122?
2
What is the tens digit of 19277?
7
What is the tens digit of 36456?
5
What is the hundreds digit of 2134?
1
What is the ten thousands digit of 24511?
2
What is the tens digit of 230?
3
What is the tens digit of 418?
1
What is the tens digit of 1651?
5
What is the hundreds digit of 2204?
2
What is the units digit of 386?
6
What is the ten thousands digit of 96114?
9
What is the tens digit of 61149?
4
What is the tens digit of 266?
6
What is the ten thousands digit of 109160?
0
What is the hundreds digit of 63812?
8
What is the hundreds digit of 36175?
1
What is the thousands digit of 3301?
3
What is the thousands digit of 12347?
2
What is the tens digit of 1126?
2
What is the units digit of 27707?
7
What is the ten thousands digit of 47368?
4
What is the units digit of 2056?
6
What is the units digit of 8820?
0
What is the units digit of 1008?
8
What is the tens digit of 105?
0
What is the hundreds digit of 1126?
1
What is the tens digit of 25167?
6
What is the thousands digit of 8117?
8
What is the thousands digit of 1031?
1
What is the tens digit of 2634?
3
What is the hundreds digit of 36541?
5
What is the tens digit of 39633?
3
What is the thousands digit of 1439?
1
What is the units digit of 357?
7
What is the tens digit of 7503?
0
What is the tens digit of 813?
1
What is the tens digit of 7453?
5
What is the tens digit of 49865?
6
What is the units digit of 5194?
4
What is the hundreds digit of 1648?
6
What is the units digit of 829?
9
What is the hundreds digit of 3012?
0
What is the tens digit of 136975?
7
What is the hundreds digit of 410?
4
What is the tens digit of 539?
3
What is the thousands digit of 1747?
1
What is the hundreds digit of 4829?
8
What is the hundreds digit of 1176?
1
What is the hundreds digit of 1634?
6
What is the hundred thousands digit of 205053?
2
What is the ten thousands digit of 24367?
2
What is the units digit of 11?
1
What is the thousands digit of 8585?
8
What is the hundreds digit of 1523?
5
What is the units digit of 5758?
8
What is the ten thousands digit of 11735?
1
What is the thousands digit of 1895?
1
What is the hundreds digit of 2101?
1
What is the thousands digit of 2399?
2
What is the thousands digit of 17317?
7
What is the thousands digit of 3372?
3
What is the thousands digit of 5882?
5
What is the tens digit of 807?
0
What is the thousands digit of 2550?
2
What is the thousands digit of 1145?
1
What is the tens digit of 765?
6
What is the units digit of 1409?
9
What is the units digit of 708?
8
What is the tens digit of 16850?
5
What is the hundreds digit of 11423?
4
What is the units digit of 1979?
9
What is the tens digit of 1780?
8
What is the ten thousands digit of 131131?
3
What is the hundreds digit of 465?
4
What is the units digit of 2891?
1
What is the thousands digit of 6787?
6
What is the thousands digit of 41384?
1
What is the units digit of 11206?
6
What is the tens digit of 110206?
0
What is the units digit of 43245?
5
What is the tens digit of 86?
8
What is the units digit of 1807?
7
What is the units digit of 7886?
6
What is the hundreds di